Give d(i).
9
Let z be (-10)/(-4) + 5/(-10). Let o(y) = -6 - y + 9 - z*y. What is o(4)?
-9
Let x = -7 - -9. Let h(u) = 0*u + 5*u + 3*u**2 - 4*u**x. Give h(6).
-6
Let j(w) = -7*w + 2. Let s = 4 + 9. Let q(i) = 15*i - 5. Let p(y) = s*j(y) + 6*q(y). Give p(-5).
1
Let c(k) be the third derivative of k**5/20 + k**4/6 + k**3/3 + 4*k**2. Give c(-2).
6
Let h(c) = -c - 3. Let o be h(-4). Let m(i) = -i. Let a(f) = -3*f + 1. Let w(x) = -a(x) - 2*m(x). What is w(o)?
4
Let t(s) = 4*s**2 + 3*s - 1. Let m(z) = 6*z**2 + 4*z - 2. Let b(u) = 5*m(u) - 8*t(u). What is b(-3)?
-8
Let v(c) be the third derivative of -c**6/120 - c**5/60 + c**4/8 + c**3/2 - c**2. Suppose 7*n + 5 + 9 = 0. Calculate v(n).
1
Suppose 5*g + 0*j = -j + 26, 5*j + 2 = -3*g. Let i(t) = t - g*t**2 - 9 - t - t**3 - 5*t + 3*t. Let s be (-40)/6 - (-2)/3. Calculate i(s).
3
Suppose 0 = -2*l + 4*l + 2. Let w(t) = t**2 - t - 1. Let s(f) = -3*f**3 + 4*f**2 - 4*f - 4. Let j(k) = -s(k) + 5*w(k). Give j(l).
-2
Let h(n) = 1 + 4*n + 1 + 0*n. Let p = 11 + -11. Suppose -4*b + 3*b - 2 = p. Determine h(b).
-6
Suppose 23*x - 19*x = -28. Let q(j) = -j**3 - 8*j**2 - 5*j + 7. Give q(x).
-7
Let z(k) = 28*k**2 - 17*k + 4. Let y(a) = 7*a**2 - 4*a + 1. Let j(x) = 9*y(x) - 2*z(x). Let t(f) = f**2 - 5*f + 1. Let g = 4 + 1. Let p be t(g). What is j(p)?
6
Let c(s) = s**2 - s - 3. Suppose 12 = 2*h + 5*l - 8, -5*l = 3*h - 20. Let o be c(h). Let y(v) = -v**3 - 3*v**2 + 4*v + 4. What is y(o)?
-8
Let q = 4 + -2. Let w(k) = -k**3 - 3*k**2 + k**2 + 4 - 6 - 3*k**q. Give w(-5).
-2
Suppose -o = -3, 4*h - 4 = 3*o + o. Suppose -4*f + u - 2*u + h = 0, 0 = -3*f + 2*u - 8. Let g(t) be the first derivative of t**2/2 + 3*t - 1. What is g(f)?
3
Let s(m) be the second derivative of -m**4/12 + 2*m**3/3 - m**2/2 + 2*m. Give s(3).
2
Let p(b) = -b + 3*b + 3*b + b**2 - 1 - 2*b. Let u be (-4)/(-6)*24/1. Suppose 0 = 4*g - 2*k - u, 2*k + 2*k = 4*g - 24. Determine p(g).
9
Let b(t) be the third derivative of -t**5/60 - t**4/6 + 7*t**3/6 + 4*t**2. Determine b(-6).
-5
Let d(g) = 2*g**2 + 7*g - 5. Let h(q) = -q**2 - 4*q + 3. Let i(f) = 3*d(f) + 5*h(f). Let p(z) = 2*z**3 - z**2 - z. Let u be p(-1). Give i(u).
2
Let c(x) = x**2 + 8*x + 10. Let u be c(-7). Let k(p) = p**3 - 2*p**2 - 2*p + 1. What is k(u)?
4
Let z(f) = -5*f**2 + 4. Let p(r) = 10*r**2 - 7. Let q(m) = 3*p(m) + 5*z(m). What is q(-1)?
4
Let x be (-6)/27 + (-4)/(-18). Suppose x*g - 8 = -4*g. Let t(f) = 0*f - 3 - 3*f - 4*f**g + 3*f**2. Calculate t(-2).
-1
Let w(z) = z + 4. Suppose 0 = -18*a + 17*a - 4. Calculate w(a).
0
Let a(x) be the third derivative of x**6/360 + 7*x**5/120 - x**3/6 + 2*x**2. Let c(v) be the first derivative of a(v). Give c(-5).
-10
Suppose 2 + 3 = -u. Let p(n) = n**3 - 12*n**2 - 2*n + 7. Let k(g) = g**3 - 11*g**2 - g + 6. Let z(o) = u*p(o) + 6*k(o). Let l = 15 - 10. Determine z(l).
-4
Let l(t) be the second derivative of t**3/6 + t**2/2 - 4*t. Calculate l(-6).
-5
Let w(i) = -i + 10. Let a be 5 + (7 - (-6)/(-2)). Let q be w(a). Let j(r) = -r - 1. Calculate j(q).
-2
Let y(s) be the first derivative of 4*s**3/3 + s + 1. Let g be y(-1). Let b(w) = w**2 - 5*w + 4. What is b(g)?
4
Let z(l) be the second derivative of 8*l**3/3 - l**2/2 + 16*l. What is z(1)?
15
Let t(j) = -j**3 + 3*j**2 + 4*j + 5. Suppose -5 = x + 3*g, 3*x + 0*g + 2*g - 6 = 0. Determine t(x).
5
Let k(a) = 0*a**3 + a**3 - 2*a**3 - 3*a + 4*a**2. Let r(m) = -m - 1. Let v(x) = 6. Let u(n) = -r(n) + v(n). Let t be u(-5). What is k(t)?
2
Let g(a) = 5*a - 6. Let q(b) = -2*b + 1. Let u(j) = -g(j) - 2*q(j). Suppose 0 = -4*y - 5*d - 5, -35 = 2*y - 4*y + 5*d. What is u(y)?
-1
Suppose 0 = 4*m + 5*h + 10, -2*m - 2*m - 14 = 3*h. Let p(a) = 5*a**2 - 2*a**2 - 3*a**2 - 1 + a**3 + 5*a**2. What is p(m)?
-1
Let c(f) = -f**2 - 6*f + 5. Let x be c(-7). Let n(z) = z**2 + z. Determine n(x).
2
Let l(i) = i**3 - 15*i**2 - 3. Let h be l(15). Let o(p) = -p**2 - 4*p - 3. Calculate o(h).
0
Let o(q) = 35*q - 29. Let i(k) = -17*k + 14. Let m(t) = -5*i(t) - 3*o(t). Let w(b) = -7*b + 6. Let s(g) = -3*m(g) + 8*w(g). Determine s(3).
9
Let r(x) = -x + 3. Let g be (-3)/6*(-1 - 7). Let w be (-3)/((-11)/g + 2). What is r(w)?
-1
Let a(d) be the second derivative of -d**5/20 - d**4/3 + 2*d**3/3 + d**2 + 11*d. Calculate a(-4).
-14
Let l(g) = g**3 + 4*g**2 + 3*g + 4. Let j be 6*(1/(-2) + (-10)/60). What is l(j)?
-8
Let z(t) = -5. Let p(o) = o + 1. Let s(r) = p(r) - z(r). Let h be s(0). Let v be (20/h)/((-8)/12). Let n(f) = f**3 + 5*f**2 + f + 5. Give n(v).
0
Let b(p) = p**2 + 3*p - 3. Let w(t) = 2*t - 5. Let n be w(6). Let o = 9 + 0. Suppose o = -4*y - n. What is b(y)?
1
Let k(q) = q - 4. Let o be (10*(-1)/(-3))/(2/(-3)). What is k(o)?
-9
Let g(z) = z**3 - 4*z**2 - 5*z - 1. Let o(l) = -2*l - 5. Let h be o(-5). Calculate g(h).
-1
Let x(z) be the third derivative of 0*z - 1/120*z**6 - 6*z**2 + 1/6*z**4 + 1/6*z**3 + 1/30*z**5 + 0. What is x(4)?
-15
Let t(y) = 2*y**2 + 5*y - 3. Let i be -2 - 12/(-2 - 0). Suppose i*c - c = 0. Let f be (-2 + (c - -3))*-4. Determine t(f).
9
Let c(d) = d. Let k(z) = -7*z. Let n(l) = -6*c(l) - k(l). Let j = -5 - -2. Give n(j).
-3
Suppose 5*h - 6 = -1. Let m be (1 + 0)*8/4. Let g(y) = -3*y**2 - m*y**3 + 2*y - 1 - y**3 + y**2. Give g(h).
-4
Let b(h) = h**3 - h**2 - h + 3. Let u(x) = -2*x**3 + x**2 + x - 6. Let t(r) = 5*b(r) + 2*u(r). Give t(2).
-7
Suppose -x = -2*x - 3*y + 9, 0 = -4*x - y + 3. Let j(a) = -10 + 8*a - 9*a + x. Let s(b) = -b**3 + b**2 - b - 5. Let h be s(0). What is j(h)?
-5
Let v(r) be the third derivative of -r**4/12 - 3*r**3 + 52*r**2. Determine v(-12).
6
Suppose -5*x - 5 = -2*x - 2*b, -b = -4. Suppose -3 = -4*i + i, 3*i + x = -2*y. Let f(l) = l**3 - l**2 + 2*l**2 + 1 + 0*l**3. Give f(y).
-3
Suppose -2*v + 3*k = -0*v - 17, 0 = -5*v + 4*k + 39. Let w(u) = u**2 - 8*u + 6. What is w(v)?
-1
Let z(i) = i**2 - 2*i - 3. Let a = 103 + -105. Calculate z(a).
5
Let y(m) = -m + 6. Suppose f - 15 = 6*f. Let x = 9 + f. Determine y(x).
0
Let l(f) = f**3 + 3*f**2 - 3*f - 3. Let h be 6/(-10) - 6/(-10). Let c = h - 3. Calculate l(c).
6
Suppose -32 + 8 = -4*q. Let s(l) = l - 1. Determine s(q).
5
Let y(g) = g**2 + 2*g + 3. Suppose -5*u + 15 = 30. Calculate y(u).
6
Let i(f) = 4*f**3 - 3*f**3 - 2072 - 8*f + 6*f**2 + 2063. Suppose 0 = p + 3*m + 10, m + 2*m = -3. Give i(p).
-2
Let m be 1/(-4) - (-209)/(-44). Let n(p) be the third derivative of p**4/12 + 2*p**3/3 - 3*p**2. What is n(m)?
-6
Suppose 0 = -2*v - 3*v + 10. Let c(z) = -11*z**2 - 2*z - 1. Let n(d) = 4*d**2 + d. Let h(j) = -3*c(j) - 8*n(j). What is h(v)?
3
Let b(c) = 2*c - 6. Let s be b(5). Let q(l) = -s*l - 2 - 6*l**2 + 3*l**2 + 4*l**2. Let g = 13 - 8. Calculate q(g).
3
Let r(y) = -5*y**3 + 2*y**2 - 1. Let h = -4 + 5. What is r(h)?
-4
Suppose 3*j + 0*j = 9. Let s(r) be the second derivative of r**3/2 - 3*r**2/2 - r. What is s(j)?
6
Suppose 8*s = 3*s + 25. Suppose -5*u + 30 + 5 = 2*r, -2*u = -s*r + 15. Let t(p) = 8 - 3 + 2 - 4*p + 3*p. What is t(u)?
2
Let y(t) = 3 + 5 + 10*t - 3 - 4. Calculate y(2).
21
Let y be (3/(-6)*4)/(-1). Let v(x) = 2*x**2 + 1 - x**3 + 6*x**2 - 4*x**y. Determine v(4).
1
Let c(o) = o**2 + o - 2. Let w be c(0). Let m(a) = 2*a + 2. Let h be m(-1). Let s(p) = 2 + 0*p**2 - 4 - 3*p + h*p**2 - 2*p**2. Give s(w).
-4
Let r(z) be the first derivative of 3*z + 1/2*z**2 - 8. Give r(5).
8
Let o(p) = -p**2 - p + 1. Let r(b) = 4*b**2 + 13*b - 7. Let v(l) = 6*o(l) + r(l). Give v(6).
-31
Suppose 2 - 5 = 3*w. Let d(a) = 2*a + 6. Let g(r) = 2*r + 5. Let b(n) = -6*d(n) + 7*g(n). Calculate b(w).
-3
Let j(b) = 11*b**3 - 6*b**2 - 7*b + 10. Let q(u) = 4*u**3 - 2*u**2 - 2*u + 3. Let v(x) = 2*j(x) - 7*q(x). Give v(1).
-5
Let m = -33 + 29. Let z(k) = k**2 + 4*k + 5. Give z(m).
5
Let l be 3/(-15) + (-36)/(-5). Let m = l + -2. Let b(s) be the third derivative of -s**4/8 + s**3 - 2*s**2. Determine b(m).
-9
Let n(u) = u**2 - 3*u + 2. Let p(h) = 3*h**2 - 8*h + 5. Let y(w) = -8*n(w) + 3*p(w). Let z(g) = -3*g**3 - 4*g**2 + g + 4. Let m(b) = 5*y(b) + z(b). Give m(1).
-2
Let o(g) = -g. Suppose -12 = -2*t + 8. Suppose -2*v + t = -5*u, 2*u - u + 2 = 3*v. Give o(u).
2
Let o = 5 - 2. Let j(q) = -4*q**2 - 1 - o*q**3 + 6*q**2 + 9*q**3. What is j(-1)?
-5
Suppose -4*b - 4*l + l = 14, -5*b = -l + 8. Let k(m) be the third derivative of 0*m + 1/30*m**5 + 0 + 1/8*m**4 + 1/6*m**3 - 8*m**2. Calculate k(b).
3
S